
4
What is the units digit of 215475?
5
What is the thousands digit of 8044976?
4
What is the millions digit of 1228044?
1
What is the hundred thousands digit of 2944186?
9
What is the ten thousands digit of 214058?
1
What is the hundreds digit of 381398?
3
What is the tens digit of 3186966?
6
What is the tens digit of 22644750?
5
What is the hundred thousands digit of 574620?
5
What is the ten thousands digit of 1513371?
1
What is the units digit of 8156250?
0
What is the hundred thousands digit of 298652?
2
What is the hundred thousands digit of 1247895?
2
What is the units digit of 14885?
5
What is the thousands digit of 11913365?
3
What is the ten thousands digit of 1418368?
1
What is the thousands digit of 10253551?
3
What is the hundreds digit of 20977?
9
What is the hundreds digit of 152850?
8
What is the units digit of 12824097?
7
What is the tens digit of 10284070?
7
What is the thousands digit of 105445?
5
What is the millions digit of 26889619?
6
What is the ten thousands digit of 26779?
2
What is the tens digit of 5023748?
4
What is the hundreds digit of 3204383?
3
What is the units digit of 14897432?
2
What is the units digit of 138761?
1
What is the hundreds digit of 1838616?
6
What is the tens digit of 7133687?
8
What is the tens digit of 6519486?
8
What is the ten thousands digit of 3641905?
4
What is the ten thousands digit of 6985913?
8
What is the hundreds digit of 294801?
8
What is the tens digit of 36743173?
7
What is the hundred thousands digit of 202987?
2
What is the hundreds digit of 1193182?
1
What is the hundreds digit of 90239?
2
What is the thousands digit of 297287?
7
What is the tens digit of 24790978?
7
What is the units digit of 180927?
7
What is the hundreds digit of 10176?
1
What is the hundreds digit of 535483?
4
What is the thousands digit of 618814?
8
What is the units digit of 2284793?
3
What is the ten thousands digit of 196576?
9
What is the units digit of 814523?
3
What is the hundreds digit of 16497503?
5
What is the thousands digit of 502958?
2
What is the ten thousands digit of 4181837?
8
What is the units digit of 183458?
8
What is the thousands digit of 1566289?
6
What is the thousands digit of 62801?
2
What is the hundred thousands digit of 168341?
1
What is the hundred thousands digit of 321772?
3
What is the hundreds digit of 41000?
0
What is the ten thousands digit of 11846023?
4
What is the thousands digit of 3486704?
6
What is the thousands digit of 111616?
1
What is the units digit of 527051?
1
What is the tens digit of 185803?
0
What is the tens digit of 750493?
9
What is the units digit of 6385255?
5
What is the thousands digit of 126399?
6
What is the hundreds digit of 15663?
6
What is the hundred thousands digit of 281464?
2
What is the millions digit of 5560008?
5
What is the thousands digit of 40396?
0
What is the hundreds digit of 4829808?
8
What is the ten thousands digit of 3103738?
0
What is the units digit of 425656?
6
What is the thousands digit of 242863?
2
What is the units digit of 4178368?
8
What is the tens digit of 114533?
3
What is the tens digit of 12833553?
5
What is the hundred thousands digit of 233639?
2
What is the units digit of 11675?
5
What is the hundred thousands digit of 217502?
2
What is the millions digit of 2104975?
2
What is the millions digit of 5129676?
5
What is the units digit of 187856?
6
What is the hundred thousands digit of 1589037?
5
What is the tens digit of 11983310?
1
What is the ten thousands digit of 128697?
2
What is the units digit of 489112?
2
What is the hundred thousands digit of 8165090?
1
What is the thousands digit of 232017?
2
What is the tens digit of 3849878?
7
What is the tens digit of 180607?
0
What is the tens digit of 1042097?
9
What is the tens digit of 105631?
3
What is the ten millions digit of 18558186?
1
What is the hundreds digit of 251778?
7
What is the ten thousands digit of 81086?
8
What is the hundred thousands digit of 360363?
3
What is the tens digit of 1367771?
7
What is the millions digit of 2579453?
2
What is the thousands digit of 5329296?
9
What is the hundreds digit of 1440870?
8
What is the tens digit of 5011861?
6
What is the thousands digit of 119798?
9
What is the units digit of 4376835?
5
What is the units digit of 174838?
8
What is the thousands digit of 10587858?
7
What is the tens digit of 1387379?
7
What is the thousands digit of 1953188?
3
What is the thousands digit of 25817325?
7
What is the tens digit of 31071186?
8
What is the ten thousands digit of 89569?
8
What is the ten thousands digit of 26588203?
8
What is the millions digit of 7652171?
7
What is the hundred thousands digit of 827870?
8
What is the tens digit of 3165469?
6
What is the millions digit of 36842866?
6
What is the ten thousands digit of 761132?
6
What is the tens digit of 3846726?
2
What is the hundreds digit of 240512?
5
What is the tens digit of 110393?
9
What is the units digit of 200376?
6
What is the thousands digit of 611707?
1
What is the thousands digit of 8491084?
1
What is the ten thousands digit of 31990660?
9
What is the ten thousands digit of 9582454?
8
What is the units digit of 21535?
5
What is the units digit of 625781?
1
What is the ten thousands digit of 1208240?
0
What is the units digit of 808314?
4
What is the millions digit of 7523705?
7
What is the millions digit of 1929224?
1
What is the millions digit of 8573522?
8
What is the hundred thousands digit of 2821335?
8
What is the ten thousands digit of 2939095?
3
What is the ten thousands digit of 6602250?
0
What is the hundreds digit of 11290115?
1
What is the hundreds digit of 193193?
1
What is the millions digit of 2498884?
2
What is the thousands digit of 234807?
4
What is the units digit of 197912?
2
What is the hundreds digit of 649645?
6
What is the hundred thousands digit of 273748?
2
What is the tens digit of 1312696?
9
What is the ten thousands digit of 4486539?
8
What is the hundreds digit of 2930729?
7
What is the tens digit of 70887?
8
What is the thousands digit of 195764?
5
What is the tens digit of 596499?
9
What is the thousands digit of 568981?
8
What is the ten thousands digit of 268533?
6
What is the ten thousands digit of 22210524?
1
What is the tens digit of 4847329?
2
What is the ten thousands digit of 1511169?
1
What is the hundreds digit of 2351540?
5
What is the tens digit of 1191812?
1
What is the ten millions digit of 23169661?
2
What is the ten thousands digit of 4233755?
3
What is the thousands digit of 1126216?
6
What is the hundred thousands digit of 13185579?
1
What is the ten thousands digit of 2102933?
0
What is the units digit of 134493?
3
What is the hundreds digit of 27028957?
9
What is the tens digit of 361090?
9
What is the thousands digit of 549916?
9
What is the units digit of 771000?
0
What is the ten thousands digit of 196596?
9
What is the tens digit of 59211?
1
What is the ten thousands digit of 3557129?
5
What is the ten thousands digit of 57991?
5
What is the hundreds digit of 176046?
0
What is the thousands digit of 1125658?
5
What is the hundreds digit of 7231258?
2
What is the units digit of 22479075?
5
What is the units digit of 1126104?
4
What is the units digit of 1028903?
3
What is the units digit of 1771227?
7
What is the thousands digit of 554601?
4
What is the tens digit of 165199?
9
What is the millions digit of 1160392?
1
What is the units digit of 12133?
3
What is the units digit of 15419475?
5
What is the thousands digit of 18936610?
6
What is the millions digit of 1741574?
1
What is the ten thousands digit of 183255?
8
What is the tens digit of 517749?
4
What is the ten thousands digit of 276938?
7
What is the thousands digit of 359481?
9
What is the millions digit of 1579573?
1
What is the units digit of 6767083?
3
What is the tens digit of 803543?
4
What is the millions digit of 30641309?
0
What is the millions digit of 6203258?
6
What is the millions digit of 2080585?
2
What is the units digit of 770303?
3
What is the tens digit of 538497?
9
What is the units digit of 4438395?
5
What is the ten thousands digit of 9754918?
5
What is the hundred thousands digit of 152573?
1
What is the ten thousands digit of 197250?
9
What is the millions digit of 5719811?
5
What is the hundred thousands di